 factors of 255688292?
2, 63922073
What are the prime factors of 6767474?
2, 7, 23, 21017
List the prime factors of 200852488.
2, 25106561
What are the prime factors of 496126613?
19, 113, 231079
What are the prime factors of 246308378?
2, 123154189
List the prime factors of 271406911.
29, 9358859
List the prime factors of 3606733.
13, 47, 5903
What are the prime factors of 362809434?
2, 3, 13, 83, 56041
What are the prime factors of 342795254?
2, 29, 1693, 3491
What are the prime factors of 574350707?
7, 11721443
List the prime factors of 12937042.
2, 251, 25771
List the prime factors of 155882144.
2, 11, 113, 3919
What are the prime factors of 3461152409?
11, 13, 181, 133723
What are the prime factors of 239260221?
3, 47, 241, 2347
List the prime factors of 60421524.
2, 3, 373, 13499
What are the prime factors of 704509459?
3203, 219953
List the prime factors of 773857451.
73, 521, 20347
What are the prime factors of 20695837?
23, 113, 7963
List the prime factors of 2532826513.
7, 317, 163061
List the prime factors of 89266374.
2, 3, 551027
What are the prime factors of 206678552?
2, 23, 47, 23899
List the prime factors of 53832801.
3, 11, 1631297
What are the prime factors of 7607867?
193, 39419
What are the prime factors of 181216034?
2, 19, 23, 207341
List the prime factors of 101183974.
2, 37, 1051, 1301
List the prime factors of 405274679.
17, 23839687
What are the prime factors of 64725972?
2, 3, 5393831
List the prime factors of 45493147.
7, 743, 8747
List the prime factors of 156624888.
2, 3, 7, 107, 8713
List the prime factors of 1730803304.
2, 839, 257867
What are the prime factors of 9021269938?
2, 107, 42155467
List the prime factors of 35487274.
2, 79, 224603
List the prime factors of 1625814220.
2, 5, 31, 53, 49477
What are the prime factors of 413405841?
3, 23, 5991389
List the prime factors of 471566965.
5, 1301, 72493
What are the prime factors of 275723558?
2, 11, 719, 17431
What are the prime factors of 313976827?
197, 199, 8009
What are the prime factors of 4230686945?
5, 311, 1259, 2161
What are the prime factors of 86643480?
2, 3, 5, 7, 11, 9377
What are the prime factors of 615864594?
2, 3, 19, 47, 137, 839
What are the prime factors of 1085333?
67, 97, 167
List the prime factors of 2731950717.
3, 47, 101, 191837
What are the prime factors of 2151281183?
53, 3371, 12041
What are the prime factors of 5328895827?
3, 1776298609
What are the prime factors of 244922650?
2, 5, 7, 631, 1109
What are the prime factors of 430089254?
2, 7, 157, 419, 467
List the prime factors of 118673525.
5, 19, 229, 1091
List the prime factors of 93591292.
2, 199, 117577
What are the prime factors of 37154828?
2, 167, 55621
What are the prime factors of 83582398?
2, 3833, 10903
What are the prime factors of 1455542468?
2, 4583, 79399
What are the prime factors of 401461143?
3, 103, 1299227
What are the prime factors of 213679625?
5, 37, 47, 983
List the prime factors of 389042203.
11, 101, 241, 1453
List the prime factors of 1194576187.
7, 101, 1689641
List the prime factors of 1540068692.
2, 17, 1091, 20759
What are the prime factors of 793269160?
2, 5, 43, 59, 7817
List the prime factors of 165722694.
2, 3, 27620449
List the prime factors of 763322795.
5, 197, 499, 1553
What are the prime factors of 334765697?
7, 41, 281, 593
List the prime factors of 78487574.
2, 11, 137, 26041
List the prime factors of 102907330.
2, 5, 10290733
List the prime factors of 14027939.
14027939
List the prime factors of 202315715.
5, 7, 173, 33413
List the prime factors of 4094329478.
2, 89, 23001851
What are the prime factors of 54335215?
5, 11, 987913
List the prime factors of 4710870291.
3, 1570290097
What are the prime factors of 14835379?
13, 71, 16073
What are the prime factors of 64576266?
2, 3, 719, 14969
What are the prime factors of 847249244?
2, 157, 179, 7537
List the prime factors of 1020187155.
3, 5, 13, 197, 26557
List the prime factors of 270338351.
270338351
What are the prime factors of 250551391?
67, 3739573
What are the prime factors of 51245852?
2, 7, 31, 43, 1373
List the prime factors of 309613027.
17, 31, 313, 1877
What are the prime factors of 1978373538?
2, 3, 17, 47, 45853
What are the prime factors of 656864304?
2, 3, 313, 43721
List the prime factors of 47354158.
2, 29, 816451
What are the prime factors of 295540638?
2, 3, 109, 451897
What are the prime factors of 5390253891?
3, 11, 47, 386149
List the prime factors of 148823627.
17, 239, 36629
List the prime factors of 200353332.
2, 3, 1103, 15137
List the prime factors of 1132474269.
3, 15497, 24359
List the prime factors of 1966435819.
30727, 63997
List the prime factors of 178936647.
3, 103, 579083
List the prime factors of 3236238016.
2, 11, 47, 2081
List the prime factors of 1025511600.
2, 3, 5, 854593
List the prime factors of 6419440234.
2, 263, 12204259
List the prime factors of 19223704.
2, 167, 14389
List the prime factors of 766389425.
5, 41, 233, 3209
List the prime factors of 4641003773.
7, 199, 3331661
List the prime factors of 2292952515.
3, 5, 7, 53, 412031
List the prime factors of 383490244.
2, 1279, 74959
What are the prime factors of 122648997?
3, 241, 169639
What are the prime factors of 6772331181?
3, 7, 11, 4583, 6397
List the prime factors of 1318536168.
2, 3, 3847, 14281
List the prime factors of 361093447.
11, 13, 17, 148537
What are the prime factors of 685566960?
2, 3, 5, 13, 29, 7577
List the prime factors of 3262397892.
2, 3, 13, 37, 317, 1783
List the prime factors of 305519755.
5, 1171, 52181
What are the prime factors of 203779030?
2, 5, 7, 13, 151, 1483
What are the prime factors of 18662938?
2, 7, 313, 4259
List the prime factors of 59062616.
2, 479, 15413
List the prime factors of 99630779.
23, 41, 105653
List the prime factors of 39315075.
3, 5, 524201
List the prime factors of 116998459.
359, 325901
What are the prime factors of 3159585781?
11, 73, 3934727
What are the prime factors of 3073037?
11, 109, 233
What are the prime factors of 29979151?
199, 150649
What are the prime factors of 859179871?
11, 78107261
What are the prime factors of 424154532?
2, 3, 37, 25819
List the prime factors of 1200479133.
3, 7, 67, 457, 1867
List the prime factors of 23645583.
3, 13, 202099
List the prime factors of 19552727.
19552727
List the prime factors of 4944001.
431, 11471
List the prime factors of 345263494.
2, 1231, 140237
List the prime factors of 143828681.
143828681
List the prime factors of 940252252.
2, 17, 813367
List the prime factors of 70688360.
2, 5, 19, 281, 331
What are the prime factors of 4498107035?
5, 47, 941, 20341
What are the prime factors of 73077007?
3389, 21563
What are the prime factors of 54948260?
2, 5, 173, 15881
List the prime factors of 88138660.
2, 5, 101, 43633
List the prime factors of 360627251.
281, 443, 2897
List the prime factors of 4678630533.
3, 107, 1187, 4093
List the prime factors of 87056453.
11, 293, 27011
List the prime factors of 154158016.
2, 197, 12227
List the prime factors of 3517418115.
3, 5, 8684983
List the prime factors of 438558786.
2, 3, 47, 239, 241
List the prime factors of 32324089.
7, 17, 43, 6317
List the prime factors of 59937475.
5, 13, 311, 593
What are the prime factors of 63133338?
2, 3, 283, 37181
What are the prime factors of 1193846499?
3, 79, 559703
What are the prime factors of 53433773?
67, 727, 1097
List the prime factors of 3794789925.
3, 5, 29, 193859
What are the prime factors of 1575470819?
13, 137, 167, 5297
List the prime factors of 58324737.
3, 19, 73, 107, 131
List the prime factors of 35913777.
3, 11971259
What are the prime factors of 45234159?
3, 263, 57331
List the prime factors of 11569886.
2, 1117, 5179
What are the prime factors of 770728936?
2, 47, 43613
List the prime factors of 421104932.
2, 41, 109, 23557
List the prime factors of 403719178.
2, 201859589
What are the prime factors of 72505355?
5, 13, 1115467
List the prime factors of 3413586252.
2, 3, 284465521
List the prime factors of 187327791.
3, 7, 29, 102533
What are the prime factors of 4152381757?
359, 11566523
List the prime factors of 202787874.
2, 3, 19, 21961
What are the prime factors of 4931770385?
5, 986354077
What are the prime factors of 127269924?
2, 3, 10605827
What are the prime factors of 5